 = 3*t, 1295 = 5*j + 4*t - 1952. What is the units digit of j?
1
Suppose 5*j + 5*n = 35, 2*n - 6*n = 2*j - 16. What is the tens digit of ((-112)/10)/(j/(-15))?
2
Suppose -4*c + 2960 = v, -c + 2*c = 2*v + 740. Suppose -6*m + 250 = -c. What is the units digit of m?
5
Let f(x) = -x**3 + 14*x**2 - 13*x - 7. Let c be f(11). Suppose 6*t - c = 135. What is the units digit of t?
8
Let g = 3335 + -1544. What is the thousands digit of g?
1
Let b(d) = 3*d + 153. What is the units digit of b(-35)?
8
Let t be 60/24 - 2/(-4). Let l(m) = 3*m + 0*m - 4*m + 5*m - t. What is the tens digit of l(5)?
1
Let s(n) = -7*n - 2*n - 509*n**2 - 9 + n**3 + 1023*n**2 - 512*n**2. What is the units digit of s(6)?
5
Let z(m) = 80*m - 5. Let u be z(1). Let l = u - 43. What is the units digit of l?
2
Let n = -20 + 7. What is the units digit of (-208)/n*42/4?
8
Let u be (2 - -1)*2/(-2) + -1. What is the units digit of 28 + 4 + (u - 1)?
7
Suppose -133820 = -80*a + 251140. What is the thousands digit of a?
4
Suppose -5*w - 29 = 5*k - 2*w, 4*k = -3*w - 25. What is the hundreds digit of (0 - k/18) + (-25424)/(-126)?
2
Let s be 7 - ((5 - -2) + -5 + 2). Suppose s*p - 5*p + 3*v = -223, 0 = 5*p - 5*v - 555. What is the units digit of p?
0
Let g(v) = v**3 + 8*v**2 + 10*v + 7. Suppose -21 - 22 = 5*h + 2*y, -4*h - 3*y - 40 = 0. Let d be g(h). What is the tens digit of (-326)/d - 4/14?
2
Suppose -3*z - 225 = -8*z. Suppose -2*j - z = 3*j. What is the units digit of (19 + -1)*j/(-18)?
9
Suppose -220 = 3*n + 2*n. Let w be n/(-10) - (-2)/(-5). Suppose -6*l - 3*t + 76 = -2*l, w*t = -l + 19. What is the tens digit of l?
1
Let o = 1 - -1. What is the hundreds digit of (o - 0)*1 + 110?
1
Let b = -15 + 15. Suppose 3*o = -5*z + 22 + 38, b = -5*z - o + 50. Let s = 30 + z. What is the tens digit of s?
3
Suppose -232 = -2*o + 4*s, 2*o - s - 363 = -o. Let w = o + -190. Let d = w + 140. What is the units digit of d?
2
Suppose f - 5*s = -10*s + 921, 0 = f + 2*s - 909. What is the tens digit of f?
0
What is the tens digit of 7217/3 - (-196)/(-294)?
0
Let y = 655 - -26. What is the hundreds digit of y?
6
Suppose 5*g - 15245 = 2*s, -2*g = 25*s - 21*s - 6122. What is the units digit of g?
1
Suppose 0 = -6*k + 1 + 29. Suppose -5*b = -k*y, -4*b - 1 = -3*y - 6. Suppose -190 = -b*d + 5*n, d - 2*d + 54 = -5*n. What is the units digit of d?
4
Suppose -2*y - 2*m + 30 = 2*m, -3*y - 2*m = -25. Suppose u = y*u - 12. Suppose -4*d + l + 16 = 0, -u*l - 7 = -5*d + 13. What is the units digit of d?
4
Let b(z) = 5*z**3 + 7*z**2 - 46*z + 11. What is the tens digit of b(6)?
6
Let r = 49 + -28. Suppose -r*c = -20*c + 3. What is the units digit of c - (200*-1)/4?
7
Let w = 31 - 23. Let z be (5/(-3))/((-1)/3). Suppose 0 = -i - s + 11, -z*i - s = -w - 31. What is the units digit of i?
7
Let c = -912 - -2767. What is the hundreds digit of c?
8
Suppose 0 = -3*f - 2*o + 201, -5*f - 3*o + 156 + 178 = 0. Let y = -21 + 11. What is the tens digit of 4134/f + (-4)/y?
6
Suppose -7 = 11*r - 29. Suppose 5*k - 31 + 290 = 3*s, -s = -r*k - 88. What is the tens digit of s?
7
Let d be (-98)/12 + (-7)/(-42). Let j be (d - -110)/((-3)/(-2)). What is the tens digit of (-119)/j*-4*7?
4
Suppose 6*z = -5*n + 8*z + 437, 3*n - 4*z - 265 = 0. What is the units digit of n?
7
Let l(o) = -o**2 + 5*o - 1. Let d be l(4). Suppose d*i + 2*t = 4*t + 14, 5*i + t - 6 = 0. Suppose 0 = -j - i + 24. What is the units digit of j?
2
Suppose -5 = 2*q - 1, 3*c - 576 = -3*q. Suppose -t + 89 = -s + 277, 0 = -s - t + c. What is the hundreds digit of s?
1
Let v(d) = -d**2 - 19*d - 22. Let u = -7 - 10. What is the tens digit of v(u)?
1
Let c = 740 + -1124. Let a be (-1)/(2*3/(-162)). What is the tens digit of 4/(-18) - c/a?
1
Suppose g - 4754 = -7*b + 9*b, -5*b - 4763 = -g. What is the tens digit of g?
4
Let u be (-4)/18 - 37534/63. Let d = u + 921. What is the units digit of ((-8)/10)/((-10)/d)?
6
Let g be 7*11/((-462)/360). Let p = g + 185. What is the tens digit of p?
2
Suppose 5*o - 9 = 6. Suppose -o*u + 7*u = 200. What is the units digit of u?
0
Suppose 6*t = 18*t - 84. Suppose -t*a = 87 - 206. What is the tens digit of a?
1
Suppose -a + 2 = -0*a. Suppose -26 = -4*m - a. Suppose -87 = -m*v + 93. What is the units digit of v?
0
Let b(k) = 747*k + 285. What is the tens digit of b(2)?
7
Let t(r) = r**2 - 2*r - 9. Let d be t(5). What is the tens digit of (58/(-4))/(3/d*-1)?
2
Suppose 0 = -4*g + 7*g - 75. What is the units digit of 15*5*2/g?
6
Suppose -3*d + v = -241, 3*v + 12 = -d + 89. Let s be 63/(-6)*d/4. What is the tens digit of s/(-12) + (-2)/(-4)?
1
What is the thousands digit of 100/600 + (-16054)/(-12)?
1
What is the tens digit of -2 + (-5948)/(0 + -4)?
8
Suppose -r - 2 = -2*r. Let k(u) = 9 + 0*u**2 - u + u**r + u**3 - u**2. What is the units digit of k(0)?
9
Let m(a) = -24*a. Let g be m(1). Let o = -18 - g. Suppose o*t + 48 = 9*t. What is the units digit of t?
6
Let m(f) = -f + 20. Suppose -y = 3*y - 56. Let x be m(y). Suppose -x*p + 3*p = -66. What is the units digit of p?
2
Let n be (-4 - -4)*((-6)/(-4) - 1). Suppose -2*t - 70 + 406 = n. What is the units digit of t?
8
Let w(k) = k**3 + 19*k**2 + 12*k - 9. Let p = -13 - 5. What is the units digit of w(p)?
9
Let l(b) = 36*b**2 - 18*b + 27. Let u be l(6). Suppose d + u = 6*d. What is the tens digit of d?
4
Suppose -2*p = -9*p + 833. Let j = 0 + p. What is the hundreds digit of j?
1
Let j be 4/6 - (-17)/(-3) - 3. What is the tens digit of j/28 - (1080/(-7) + -1)?
5
Suppose 5*y + 0*z - 40 = 2*z, 0 = -2*y + 4*z. Suppose 38 + y = -h. Let b = h - -93. What is the units digit of b?
5
Suppose 0 = 21*l - 2077 - 21842. What is the hundreds digit of l?
1
Let d be 3 - (2/6 + (-40)/12). Suppose -m + d*u + 46 = 2*u, -2*m - 4*u = -140. What is the tens digit of m?
6
Let h = -179 + 849. What is the hundreds digit of h?
6
Let g(m) = m**2 - 8*m. Let j be g(6). Let s be (16/j*12)/(-2). What is the tens digit of (-1 - 1)/(s/(-140))?
3
Let t = 634 + -256. What is the hundreds digit of t?
3
Let y(d) be the third derivative of 7*d**5/60 - d**4/24 - 3*d**3/2 - 7*d**2. What is the tens digit of y(4)?
9
Suppose -3*v = -2*p + p - 3, 4 = 5*p + 4*v. Let l = -50 - -63. Suppose 0 = -4*u - 4*s + l + 19, p = u + 3*s - 18. What is the units digit of u?
3
Let u be (-445)/20 - (-2 + (-42)/(-24)). Suppose 5*d = 21 - 156. Let w = u - d. What is the units digit of w?
5
Let q(t) = -t**2 + 7*t + 5. Let f be q(7). Suppose 6*z + 7 = f*z. Let u = 13 + z. What is the units digit of u?
6
Suppose 52 = 2*r - 30. Suppose -3*j + 1 - r = -h, 0 = -2*h + 2*j + 60. Suppose 4*f - h = 15. What is the units digit of f?
0
Suppose b + 0*b = -384. What is the units digit of (-6)/(-8)*b/(-8)?
6
Let j(q) = q**3 - 4*q**3 - 16 + 14 + 2*q**3 + 11*q**2 + 4*q. What is the units digit of j(4)?
6
Suppose 5*g = 235 + 315. Let c = g + 67. What is the units digit of c?
7
Let p = 110 + -107. Suppose 5*y - 2*y - 5*o = 50, 2*y - p*o - 33 = 0. What is the units digit of y?
5
Suppose -4*g = 3*u - 33, -4*g = 2*u - 22 - 0. Suppose 2*c + u = y - 5, 0 = 5*y + c - 58. Suppose 3*i = -i + y. What is the units digit of i?
3
Suppose 18 = 5*k + 4*s, k + 0*s - 6 = -2*s. Suppose m + k*m - 78 = 0. What is the tens digit of m?
2
Let d = 9 + 9. Let r = 9 - 5. Suppose -r = -4*n, 3*i - 2*n = -i + d. What is the units digit of i?
5
Let u = 891 + 2637. What is the thousands digit of u?
3
Suppose 0 = 88*h - 11469 - 64475. What is the tens digit of h?
6
Suppose 0 = -f + 5*p + 71, 2*p - 71 = -f + 3*p. What is the tens digit of f?
7
Suppose -o = -2*y + 298 + 724, 3*o = -y + 518. What is the units digit of y?
2
Suppose -20 = -6*z + z. Suppose 3*b + 4*x - 35 = 0, -5*b + 3*b + 2*x = 0. Suppose 0*y = -b*y + 2*r + 155, 20 = -z*r. What is the tens digit of y?
2
Suppose 4 = 4*q + 4*l, 5*l - 4 = -14. What is the units digit of -8*(-2*5 + q)?
6
Suppose 0 = 130*a - 132*a + 456. What is the units digit of a?
8
Suppose -2*i = 5*j - 64, 2*i - j = 3*i - 38. Suppose 10*z = 7*z + i. What is the units digit of z?
4
Let p be -2 + 4*(-1)/1. Let l = p + 8. What is the units digit of 21*1/(3/l)?
4
Suppose -2 = -3*w + 2*x, -5*w + 2*w - 4 = -5*x. Suppose 5*j - 3*v = -0*v - 8, 0 = j - w*v - 4. What is the units digit of 1/(5 + j) + 1?
2
Let h = -37 + 209. Suppose h - 19 = 3*z. What is the tens digit of z?
5
Let k(n) = -17*n + 159. W